[INFO] cloning repository https://github.com/sotrh/learn-wgpu
[INFO] running `Command { std: "git" "-c" "credential.helper=" "-c" "credential.helper=/workspace/cargo-home/bin/git-credential-null" "clone" "--bare" "https://github.com/sotrh/learn-wgpu" "/workspace/cache/git-repos/https%3A%2F%2Fgithub.com%2Fsotrh%2Flearn-wgpu", kill_on_drop: false }`
[INFO] [stderr] Cloning into bare repository '/workspace/cache/git-repos/https%3A%2F%2Fgithub.com%2Fsotrh%2Flearn-wgpu'...
[INFO] running `Command { std: "git" "rev-parse" "HEAD", kill_on_drop: false }`
[INFO] [stdout] dd7d48929f163f1855b99715de0c0c00d700a6ea
[INFO] building sotrh/learn-wgpu against master#ff34b919075f35a1787659e9c448a34b06bab8de for issue-85264
[INFO] running `Command { std: "git" "clone" "/workspace/cache/git-repos/https%3A%2F%2Fgithub.com%2Fsotrh%2Flearn-wgpu" "/workspace/builds/worker-0/source", kill_on_drop: false }`
[INFO] [stderr] Cloning into '/workspace/builds/worker-0/source'...
[INFO] [stderr] done.
[INFO] validating manifest of git repo https://github.com/sotrh/learn-wgpu on toolchain ff34b919075f35a1787659e9c448a34b06bab8de
[INFO] running `Command { std: "/workspace/cargo-home/bin/cargo" "+ff34b919075f35a1787659e9c448a34b06bab8de" "metadata" "--manifest-path" "Cargo.toml" "--no-deps", kill_on_drop: false }`
[INFO] started tweaking git repo https://github.com/sotrh/learn-wgpu
[INFO] finished tweaking git repo https://github.com/sotrh/learn-wgpu
[INFO] tweaked toml for git repo https://github.com/sotrh/learn-wgpu written to /workspace/builds/worker-0/source/Cargo.toml
[INFO] crate git repo https://github.com/sotrh/learn-wgpu already has a lockfile, it will not be regenerated
[INFO] running `Command { std: "/workspace/cargo-home/bin/cargo" "+ff34b919075f35a1787659e9c448a34b06bab8de" "fetch" "--manifest-path" "Cargo.toml", kill_on_drop: false }`
[INFO] running `Command { std: "docker" "create" "-v" "/var/lib/crater-agent-workspace/builds/worker-0/target:/opt/rustwide/target:rw,Z" "-v" "/var/lib/crater-agent-workspace/builds/worker-0/source:/opt/rustwide/workdir:ro,Z" "-v" "/var/lib/crater-agent-workspace/cargo-home:/opt/rustwide/cargo-home:ro,Z" "-v" "/var/lib/crater-agent-workspace/rustup-home:/opt/rustwide/rustup-home:ro,Z" "-e" "SOURCE_DIR=/opt/rustwide/workdir" "-e" "CARGO_TARGET_DIR=/opt/rustwide/target" "-e" "CARGO_HOME=/opt/rustwide/cargo-home" "-e" "RUSTUP_HOME=/opt/rustwide/rustup-home" "-w" "/opt/rustwide/workdir" "-m" "1610612736" "--user" "0:0" "--network" "none" "ghcr.io/rust-lang/crates-build-env/linux@sha256:20528e8c29e4536546f0102ce88568b16ea7538393a33fcca951030f7af10457" "/opt/rustwide/cargo-home/bin/cargo" "+ff34b919075f35a1787659e9c448a34b06bab8de" "metadata" "--no-deps" "--format-version=1", kill_on_drop: false }`
[INFO] [stderr] WARNING: Your kernel does not support swap limit capabilities or the cgroup is not mounted. Memory limited without swap.
[INFO] [stdout] 300b76a7359a37abffacdd292724799d7ffbf018ddc9b38e1f95a8364342c201
[INFO] running `Command { std: "docker" "start" "-a" "300b76a7359a37abffacdd292724799d7ffbf018ddc9b38e1f95a8364342c201", kill_on_drop: false }`
[INFO] running `Command { std: "docker" "inspect" "300b76a7359a37abffacdd292724799d7ffbf018ddc9b38e1f95a8364342c201", kill_on_drop: false }`
[INFO] running `Command { std: "docker" "rm" "-f" "300b76a7359a37abffacdd292724799d7ffbf018ddc9b38e1f95a8364342c201", kill_on_drop: false }`
[INFO] [stdout] 300b76a7359a37abffacdd292724799d7ffbf018ddc9b38e1f95a8364342c201
[INFO] running `Command { std: "docker" "create" "-v" "/var/lib/crater-agent-workspace/builds/worker-0/target:/opt/rustwide/target:rw,Z" "-v" "/var/lib/crater-agent-workspace/builds/worker-0/source:/opt/rustwide/workdir:ro,Z" "-v" "/var/lib/crater-agent-workspace/cargo-home:/opt/rustwide/cargo-home:ro,Z" "-v" "/var/lib/crater-agent-workspace/rustup-home:/opt/rustwide/rustup-home:ro,Z" "-e" "SOURCE_DIR=/opt/rustwide/workdir" "-e" "CARGO_TARGET_DIR=/opt/rustwide/target" "-e" "CARGO_INCREMENTAL=0" "-e" "RUST_BACKTRACE=full" "-e" "RUSTFLAGS=--cap-lints=forbid" "-e" "CARGO_HOME=/opt/rustwide/cargo-home" "-e" "RUSTUP_HOME=/opt/rustwide/rustup-home" "-w" "/opt/rustwide/workdir" "-m" "1610612736" "--user" "0:0" "--network" "none" "ghcr.io/rust-lang/crates-build-env/linux@sha256:20528e8c29e4536546f0102ce88568b16ea7538393a33fcca951030f7af10457" "/opt/rustwide/cargo-home/bin/cargo" "+ff34b919075f35a1787659e9c448a34b06bab8de" "build" "--frozen" "--message-format=json", kill_on_drop: false }`
[INFO] [stdout] 502bc75510b16bf3569dc7fce782010fadacd992d86690b326e575a0f3975669
[INFO] [stderr] WARNING: Your kernel does not support swap limit capabilities or the cgroup is not mounted. Memory limited without swap.
[INFO] running `Command { std: "docker" "start" "-a" "502bc75510b16bf3569dc7fce782010fadacd992d86690b326e575a0f3975669", kill_on_drop: false }`
[INFO] [stderr]    Compiling libc v0.2.73
[INFO] [stderr]    Compiling proc-macro2 v1.0.27
[INFO] [stderr]    Compiling unicode-xid v0.2.1
[INFO] [stderr]    Compiling cfg-if v1.0.0
[INFO] [stderr]    Compiling log v0.4.11
[INFO] [stderr]    Compiling serde_derive v1.0.114
[INFO] [stderr]    Compiling smallvec v1.4.1
[INFO] [stderr]    Compiling const_fn v0.4.3
[INFO] [stderr]    Compiling pkg-config v0.3.18
[INFO] [stderr]    Compiling ahash v0.4.7
[INFO] [stderr]    Compiling once_cell v1.7.2
[INFO] [stderr]    Compiling xml-rs v0.8.3
[INFO] [stderr]    Compiling version_check v0.9.2
[INFO] [stderr]    Compiling anyhow v1.0.32
[INFO] [stderr]    Compiling rayon-core v1.9.0
[INFO] [stderr]    Compiling fixedbitset v0.2.0
[INFO] [stderr]    Compiling bit-vec v0.6.3
[INFO] [stderr]    Compiling nix v0.18.0
[INFO] [stderr]    Compiling instant v0.1.6
[INFO] [stderr]    Compiling either v1.5.3
[INFO] [stderr]    Compiling pin-project-internal v0.4.22
[INFO] [stderr]    Compiling regex-syntax v0.6.18
[INFO] [stderr]    Compiling scoped-tls v1.0.0
[INFO] [stderr]    Compiling ttf-parser v0.6.2
[INFO] [stderr]    Compiling downcast-rs v1.2.0
[INFO] [stderr]    Compiling khronos-egl v4.1.0
[INFO] [stderr]    Compiling proc-macro-nested v0.1.6
[INFO] [stderr]    Compiling adler32 v1.1.0
[INFO] [stderr]    Compiling ab_glyph_rasterizer v0.1.3
[INFO] [stderr]    Compiling cfg_aliases v0.1.1
[INFO] [stderr]    Compiling futures-sink v0.3.5
[INFO] [stderr]    Compiling proc-macro-hack v0.5.16
[INFO] [stderr]    Compiling futures-core v0.3.5
[INFO] [stderr]    Compiling same-file v1.0.6
[INFO] [stderr]    Compiling base64 v0.12.3
[INFO] [stderr]    Compiling inplace_it v0.3.3
[INFO] [stderr]    Compiling glow v0.9.0
[INFO] [stderr]    Compiling pin-utils v0.1.0
[INFO] [stderr]    Compiling futures-io v0.3.5
[INFO] [stderr]    Compiling profiling v1.0.1
[INFO] [stderr]    Compiling cgmath v0.18.0
[INFO] [stderr]    Compiling humantime v2.1.0
[INFO] [stderr]    Compiling fs_extra v1.2.0
[INFO] [stderr]    Compiling glob v0.3.0
[INFO] [stderr]    Compiling ryu v1.0.5
[INFO] [stderr]    Compiling serde_json v1.0.59
[INFO] [stderr]    Compiling itoa v0.4.6
[INFO] [stderr]    Compiling ansi_term v0.12.1
[INFO] [stderr]    Compiling tobj v2.0.2
[INFO] [stderr]    Compiling alignment v0.1.0 (/opt/rustwide/workdir/code/showcase/alignment)
[INFO] [stderr]    Compiling num-traits v0.2.12
[INFO] [stderr]    Compiling crossbeam-utils v0.8.0
[INFO] [stderr]    Compiling memoffset v0.5.5
[INFO] [stderr]    Compiling indexmap v1.6.1
[INFO] [stderr]    Compiling num-integer v0.1.43
[INFO] [stderr]    Compiling rayon v1.5.0
[INFO] [stderr]    Compiling lock_api v0.4.1
[INFO] [stderr]    Compiling num-iter v0.1.41
[INFO] [stderr]    Compiling num-rational v0.3.0
[INFO] [stderr]    Compiling tracing-core v0.1.17
[INFO] [stderr]    Compiling sharded-slab v0.1.0
[INFO] [stderr]    Compiling codespan-reporting v0.11.1
[INFO] [stderr]    Compiling libloading v0.7.0
[INFO] [stderr]    Compiling hashbrown v0.9.1
[INFO] [stderr]    Compiling futures-task v0.3.5
[INFO] [stderr]    Compiling bit-set v0.5.2
[INFO] [stderr]    Compiling miniz_oxide v0.3.7
[INFO] [stderr]    Compiling nom v5.1.2
[INFO] [stderr]    Compiling ahash v0.7.4
[INFO] [stderr]    Compiling wgpu-core v0.8.1
[INFO] [stderr]    Compiling gif v0.10.3
[INFO] [stderr]    Compiling futures-channel v0.3.5
[INFO] [stderr]    Compiling walkdir v2.3.1
[INFO] [stderr]    Compiling wayland-sys v0.28.2
[INFO] [stderr]    Compiling x11-dl v2.18.5
[INFO] [stderr]    Compiling ash v0.32.1
[INFO] [stderr]    Compiling owned_ttf_parser v0.6.0
[INFO] [stderr]    Compiling gpu-descriptor-types v0.1.1
[INFO] [stderr]    Compiling gpu-alloc-types v0.2.0
[INFO] [stderr]    Compiling deflate v0.8.6
[INFO] [stderr]    Compiling aho-corasick v0.7.13
[INFO] [stderr]    Compiling dlib v0.4.2
[INFO] [stderr]    Compiling tiff v0.5.0
[INFO] [stderr]    Compiling tracing-log v0.1.1
[INFO] [stderr]    Compiling rusttype v0.9.2
[INFO] [stderr]    Compiling gpu-descriptor v0.1.0
[INFO] [stderr]    Compiling gpu-alloc v0.4.7
[INFO] [stderr]    Compiling regex-automata v0.1.9
[INFO] [stderr]    Compiling tutorial11-normals v0.1.0 (/opt/rustwide/workdir/code/intermediate/tutorial11-normals)
[INFO] [stderr]    Compiling tutorial13-threading v0.1.0 (/opt/rustwide/workdir/code/intermediate/tutorial13-threading)
[INFO] [stderr]    Compiling tutorial10-lighting v0.1.0 (/opt/rustwide/workdir/code/intermediate/tutorial10-lighting)
[INFO] [stderr]    Compiling tutorial12-camera v0.1.0 (/opt/rustwide/workdir/code/intermediate/tutorial12-camera)
[INFO] [stderr]    Compiling tutorial9-models v0.1.0 (/opt/rustwide/workdir/code/beginner/tutorial9-models)
[INFO] [stderr]    Compiling quote v1.0.7
[INFO] [stderr]    Compiling png v0.16.7
[INFO] [stderr]    Compiling andrew v0.3.1
[INFO] [stderr]    Compiling petgraph v0.5.1
[INFO] [stderr]    Compiling regex v1.3.9
[INFO] [stderr]    Compiling spirv_headers v1.5.0
[INFO] [stderr]    Compiling approx v0.4.0
[INFO] [stderr]    Compiling syn v1.0.72
[INFO] [stderr]    Compiling wayland-scanner v0.28.2
[INFO] [stderr]    Compiling matchers v0.0.1
[INFO] [stderr]    Compiling jobserver v0.1.21
[INFO] [stderr]    Compiling num_cpus v1.13.0
[INFO] [stderr]    Compiling raw-window-handle v0.3.3
[INFO] [stderr]    Compiling parking_lot_core v0.8.0
[INFO] [stderr]    Compiling net2 v0.2.34
[INFO] [stderr]    Compiling iovec v0.1.4
[INFO] [stderr]    Compiling memmap v0.7.0
[INFO] [stderr]    Compiling atty v0.2.14
[INFO] [stderr]    Compiling getrandom v0.2.3
[INFO] [stderr]    Compiling time v0.1.44
[INFO] [stderr]    Compiling thread-id v3.3.0
[INFO] [stderr]    Compiling crossbeam-epoch v0.9.0
[INFO] [stderr]    Compiling crossbeam-channel v0.5.0
[INFO] [stderr]    Compiling cc v1.0.67
[INFO] [stderr]    Compiling parking_lot v0.11.0
[INFO] [stderr]    Compiling mio v0.6.22
[INFO] [stderr]    Compiling xcursor v0.3.2
[INFO] [stderr]    Compiling env_logger v0.8.3
[INFO] [stderr]    Compiling crossbeam-deque v0.8.0
[INFO] [stderr]    Compiling chrono v0.4.19
[INFO] [stderr]    Compiling cmake v0.1.44
[INFO] [stderr]    Compiling tobj v3.0.1
[INFO] [stderr]    Compiling mio-extras v2.0.6
[INFO] [stderr]    Compiling wayland-client v0.28.2
[INFO] [stderr]    Compiling wayland-protocols v0.28.2
[INFO] [stderr]    Compiling spirv_cross v0.23.0
[INFO] [stderr]    Compiling shaderc-sys v0.7.0
[INFO] [stderr]    Compiling jpeg-decoder v0.1.20
[INFO] [stderr] error: could not compile `ash`
[INFO] [stderr] 
[INFO] [stderr] Caused by:
[INFO] [stderr]   process didn't exit successfully: `rustc --crate-name ash --edition=2018 /opt/rustwide/cargo-home/registry/src/github.com-1ecc6299db9ec823/ash-0.32.1/src/lib.rs --error-format=json --json=diagnostic-rendered-ansi,artifacts --crate-type lib --emit=dep-info,metadata,link -C embed-bitcode=no -C debuginfo=2 --cfg 'feature="default"' --cfg 'feature="libloading"' -C metadata=ee3e60100f7a5c17 -C extra-filename=-ee3e60100f7a5c17 --out-dir /opt/rustwide/target/debug/deps -L dependency=/opt/rustwide/target/debug/deps --extern libloading=/opt/rustwide/target/debug/deps/liblibloading-d764f2d78731355d.rmeta --cap-lints allow --cap-lints=forbid` (signal: 9, SIGKILL: kill)
[INFO] [stderr] warning: build failed, waiting for other jobs to finish...
[INFO] [stderr] The following warnings were emitted during compilation:
[INFO] [stderr] 
[INFO] [stderr] warning: src/wrapper.cpp:2: warning: ignoring #pragma warning  [-Wunknown-pragmas]
[INFO] [stderr] warning:     2 | #pragma warning(disable : 4996 4101)
[INFO] [stderr] warning:       | 
[INFO] [stderr] warning: c++: fatal error: Killed signal terminated program cc1plus
[INFO] [stderr] warning: compilation terminated.
[INFO] [stderr] warning: c++: fatal error: Killed signal terminated program cc1plus
[INFO] [stderr] warning: compilation terminated.
[INFO] [stderr] warning: c++: fatal error: Killed signal terminated program cc1plus
[INFO] [stderr] warning: compilation terminated.
[INFO] [stderr] warning: c++: fatal error: Killed signal terminated program cc1plus
[INFO] [stderr] warning: compilation terminated.
[INFO] [stderr] 
[INFO] [stderr] The following warnings were emitted during compilation:
[INFO] [stderr] 
[INFO] [stderr] warning: shaderc: searching for native shaderc libraries on system;  use '--features build-from-source' to force building from source code
[INFO] [stderr] warning: shaderc: cannot find native shaderc library on system; falling back to build from source
[INFO] [stderr] 
[INFO] [stderr] error: build failed
[INFO] running `Command { std: "docker" "inspect" "502bc75510b16bf3569dc7fce782010fadacd992d86690b326e575a0f3975669", kill_on_drop: false }`
[INFO] running `Command { std: "docker" "rm" "-f" "502bc75510b16bf3569dc7fce782010fadacd992d86690b326e575a0f3975669", kill_on_drop: false }`
[INFO] [stdout] 502bc75510b16bf3569dc7fce782010fadacd992d86690b326e575a0f3975669
